11 + 1034. Let a be (-178)/s + (-1)/(7/(-261)). Calculate the highest common factor of a and 37.
37
Suppose -61*u + 57*u = -276. Let q = -67 + u. Let r(l) = 2*l + 6. Let w be r(8). What is the highest common divisor of w and q?
2
Let w(n) = -19*n - 134. Suppose -2*p - v = 12, 2*p - 8 = -5*v - 4. Let f be w(p). Calculate the highest common factor of f and 30.
6
Let d be (-360)/70*14/(-4). Let s be ((-32)/(-10))/((-1438)/120 - -12). Calculate the greatest common factor of d and s.
6
Let o(l) = 6*l**2 + 353 + 3*l + 2*l**3 - 354 + 3*l**2. Let u be o(-4). What is the greatest common factor of u and 3?
3
Let x be (20/14 - 2/7)*14. Calculate the highest common factor of x and 1544.
8
Suppose 3*d = -v - 123 - 1643, 5*d = -4*v - 2934. Let j = -550 - d. What is the highest common factor of 32 and j?
8
Suppose -2*k = -26 - 10. Let o be 6/(7*(-4)/(-182)). Let c be -216*(-4 + o/12). What is the highest common factor of c and k?
18
Suppose -2*s + 179 = -3*w, -49 = -2*w - 5*s - 181. Let a = w + 102. Calculate the greatest common divisor of 82 and a.
41
Let a(b) = 4*b**2 - 11 - 95*b + 101*b + 0*b**2. Let r be a(5). What is the greatest common factor of r and 51?
17
Let k = 4068 + -4016. What is the greatest common divisor of k and 260?
52
Suppose 32*x - 8079 - 13521 = 0. Calculate the greatest common divisor of 300 and x.
75
Let n(w) = 111*w**2 - 5*w + 26. Let m be n(-11). What is the greatest common factor of m and 24?
24
Let d be 2*(-5)/4*-8. Let g be (d/8)/((-2)/(-28)). Suppose v + 46 = 5*v - 6*t, v + 5 = -4*t. Calculate the highest common divisor of g and v.
7
Suppose -650 = 5*p - 18*p. Let x(l) = l**3 + l**2 - 7*l + 2. Let h be x(2). Suppose 0*j + 3*j - 225 = h. What is the highest common divisor of j and p?
25
Let d(l) = -2*l**3 - 8*l**2 - 17*l - 7. Let q = 637 + -642. Let u be d(q). What is the greatest common factor of u and 192?
64
Let r = 8 - 5. Suppose 0 = -25*n - 62*n + 348. Suppose w - n = -r. What is the highest common factor of w and 5?
1
Let y be ((-2432)/12)/((-17)/102). What is the greatest common divisor of 256 and y?
64
Let t(a) = -a**2 - 24*a + 150. Let x be t(0). What is the greatest common divisor of 2820 and x?
30
Suppose -14*f + 4*f = -30. Let m(a) = -2*a**2 + 2*a + 3. Let c be m(4). Let w be ((-48)/(-7))/(f*(-1)/c). Calculate the highest common factor of w and 16.
16
Suppose -34*b + 814 + 2076 - 340 = 0. What is the greatest common factor of 50 and b?
25
Suppose 2*a + 4*u - 1104 + 296 = 0, -1220 = -3*a - 2*u. Calculate the highest common divisor of 72 and a.
24
Let t be (11 + 61)*(-3)/6*-12. Calculate the highest common factor of t and 96.
48
Let r = -2969 + 5356. Calculate the highest common factor of 11 and r.
11
Let u(s) = -2*s**3 + 4*s - 5. Let j be u(-6). Let w(f) = -155*f + 38918. Let k be w(251). Calculate the greatest common divisor of j and k.
13
Let t(r) = -187*r + 670. Let x be t(2). Calculate the highest common factor of 1258 and x.
74
Suppose -24 = 3*o + 5*d + 14, 0 = -5*o + 4*d - 14. Let p be 5*((-63)/o)/(15/4). Calculate the highest common divisor of p and 98.
14
Suppose 25*y = -90 + 240. What is the highest common factor of y and 192?
6
Suppose 2*a + 104 = 6*a. Suppose -5*o + 34 = -a. Suppose 1140 = 54*c - 35*c. What is the greatest common factor of c and o?
12
Suppose 2 + 34 = 2*y - 4*v, -y + 5*v + 9 = 0. Suppose -2*w - 3*i = -3*w - 9, 3*w + 4*i - 38 = 0. What is the highest common factor of w and y?
6
Let h = 9626 - 9538. Calculate the highest common divisor of h and 9900.
44
Let f be (-25)/(675/(-486)) - -867. Calculate the highest common divisor of f and 15340.
295
Let o be ((-56832)/(-320))/((-15)/(-25)). Calculate the highest common factor of 45732 and o.
148
Let t = -224 - -672. Suppose -2*j - 26*m + 29*m = -539, 0 = j - 3*m - 283. Calculate the highest common factor of j and t.
64
Let u(p) = -3*p**2 - 30*p + 66. Let k(o) = 11*o**2 + 88*o - 199. Let s(i) = -2*k(i) - 7*u(i). Let h be s(26). Calculate the greatest common divisor of 32 and h.
16
Suppose 0 = -o + 3*o. Let j(d) = d**3 - d**2 + d + 7. Let q be j(o). Calculate the greatest common factor of q and 14.
7
Suppose 2*y + 5*m = 8*m + 67368, -y = m - 33674. Calculate the highest common factor of y and 18.
18
Let z = -6123 - -6555. What is the highest common factor of 972 and z?
108
Let c be 58/261 - 623/9. Let f = c + 76. Let j(g) = g**2 - 9*g + 20. Let x be j(f). Calculate the greatest common divisor of x and 3.
3
Suppose 3*g = 16*g + 793. Let f = 67 + g. What is the greatest common factor of f and 24?
6
Let q be (1/(15/(-9702)))/((-3)/((-105)/(-14))). What is the highest common divisor of q and 63?
21
Suppose -l + 15*a - 14*a = -20, -11*l - 2*a + 207 = 0. What is the highest common divisor of l and 167?
1
Suppose -17*p + 7*p = -20. Let m(a) = 125*a + 14. Let w be m(p). What is the highest common divisor of w and 33?
33
Suppose -561 = -35*m - 141. What is the highest common factor of 556 and m?
4
Let i(h) = h**3 + 7*h**2 - 5*h + 4. Let v be i(-7). Let q = v - 25. Suppose q*u - 223 = 407. Calculate the highest common divisor of u and 18.
9
Suppose 13*o - 20*o + 504 = 0. Let n = 204 - o. Let w be (-4)/(n/(-423)) - 4/(-22). What is the highest common factor of 52 and w?
13
Let a = 186 - -228. Let z = -39646 - -39664. Calculate the highest common factor of a and z.
18
Suppose 0 = -24*x + 21*x - 20*x + 74428. What is the greatest common divisor of x and 4?
4
Suppose p + 445 = 443. Let x be (16 - p)*(-364)/(-78). Calculate the highest common divisor of x and 140.
28
Suppose -r + 0*r + 39 = 0. Let n be (40/12)/(21/(-9) - -3). Suppose -3*q + 4*q + 65 = n*p, -5*q + 13 = p. What is the greatest common divisor of p and r?
13
Suppose -43 = -4*y - 3*c, -2*c + 8 - 56 = -5*y. What is the highest common factor of 1225 and y?
5
Let s be (99 + -2 + 1)/(4/(-26)). Let h be (-427)/2*546/s. What is the greatest common factor of 244 and h?
61
Suppose 2*m + 35 = t, m + 55 = -5*t + 208. What is the greatest common divisor of 434 and t?
31
Suppose 2*f + 238 = 288. Let w = 34 - f. What is the highest common divisor of w and 9?
9
Let o be (-5172)/90*3 - (-9)/(-15). Let g = 200 + o. What is the greatest common factor of 99 and g?
9
Let s(u) = u**2 - 3*u + 4. Let c be s(3). Suppose 3*t - c*j = -0*j + 221, -3*j - 72 = -t. Let z = 88 - t. What is the highest common divisor of 52 and z?
13
Let j(w) = -w**3 + 175*w**2 - 5851*w + 285. Let i be j(130). Suppose -4*a + 2*f + 858 = 7*f, 2*f = -4*a + 864. Calculate the highest common divisor of i and a.
31
Suppose 2*r - 2 = 8. Suppose 0 = x + 3 - r. Suppose q - 10 = -q + h, -x = -h. Calculate the greatest common factor of 6 and q.
6
Suppose -5*t + 2*q + 96 = 0, -2*t = -t + 2*q - 12. Let r(i) = -i**3 + 18*i**2 - 8*i + 148. Let b be r(t). What is the greatest common factor of 36 and b?
4
Suppose 6*n - 11*n + 10 = 5*r, -3*r - 6 = -n. Suppose w - o = 13, -42 = -n*w + 2*o - 0*o. Calculate the greatest common divisor of 56 and w.
8
Let j(z) = 2*z**3 + 2*z**2 - 11*z + 21. Let a be j(4). What is the greatest common factor of 14 and a?
1
Suppose -a - 5*v = -0*a - 76, -4*a = -v - 367. Let b(m) = 13*m - 161. Let s be b(14). What is the highest common factor of s and a?
7
Suppose 1846*g = 1878*g - 38880. Calculate the greatest common factor of g and 20.
5
Suppose -40 = -4*r - r. Let v be -166 + -9 + 7 + -4. Let u be (-1 + 1*-53)/(129/v). Calculate the greatest common divisor of r and u.
8
Suppose 7*o + 71 = -69. Let t be (-4)/o - (-9)/5. Suppose -76 = -5*n - 4*k, -t*n - 66 = -6*n + 2*k. What is the greatest common factor of 144 and n?
16
Suppose -24*j + 6*j - 7686 = 0. Let r = -407 - j. Calculate the greatest common factor of r and 500.
20
Let k be (-9)/6 - (-50203)/122. Calculate the highest common divisor of 70 and k.
10
Let i = 9106 - 8516. Calculate the greatest common factor of 413 and i.
59
Let x = -143 + 1274. Suppose -15*s + x = -12*s. Suppose 3*k - 136 = s. Calculate the highest common divisor of k and 19.
19
Let g = -6777 + 12937. What is the highest common divisor of 165 and g?
55
Let n(f) = 3*f + 23. Let i be n(-7). Let m(b) = -b**2 + 7*b + 6. Let h be m(6). Suppose i*z = 8*z - h. What is the highest common factor of z and 2?
2
Suppose q = 18 - 6. Let s(y) = -22*y - 142 + 57*y + 409 - 80. Let v be s(-5). What is the greatest common divisor of